**2 + 7*h. Let k(c) = 4*i(c) + 7*r(c). What is the hundreds digit of k(-1)?
2
Suppose -312 - 8 = 4*h - 2*q, -218 = 3*h + 4*q. Let u = h - -142. What is the units digit of u?
4
Let q = -13 - -9. Let y(t) be the first derivative of 2*t**3/3 - t**2/2 + t + 23. What is the tens digit of y(q)?
3
Let t = 646 + -235. What is the units digit of t?
1
Let q(j) = j - 6. Let l be q(7). What is the tens digit of 6/(-18)*l*-81?
2
Suppose 0*p + 3333 = p - 4*a, -7*a = 35. What is the units digit of p?
3
Suppose 21*y - 22*y - 5 = 0. What is the units digit of (2 - (-66)/2) + y?
0
Let v(q) = 50*q + 4125. What is the units digit of v(0)?
5
Let u(f) = f**3 + f**2. Let z(c) = 4*c**3 + 14*c**2 + 4*c + 5. Let b(t) = 3*u(t) - z(t). Suppose 4*q + 30 = -14. What is the units digit of b(q)?
9
Let z(p) = -1 + 7 - 26*p + 5*p. Suppose -4*o + 12 = -5*q - 3*o, -q - 6 = o. What is the tens digit of z(q)?
6
What is the tens digit of (26/(-4))/((-69)/12144)?
4
Suppose -1017 = -7*x + 250. What is the units digit of x?
1
Let c = -3017 - -5226. What is the hundreds digit of c?
2
Let o be (((-91)/(-14))/(-13))/((-2)/12). What is the tens digit of 79 + (-8)/12*o + 5?
8
Let g be 0/(4/1 - 2). Let j be 21/14*(g - -2). Suppose -j*f + 57 = -30. What is the units digit of f?
9
Let q(r) = -28*r + 398. What is the units digit of q(-26)?
6
Let f be (-3)/(-12) + 3/4 + -1. Suppose f = -5*m + 17 + 43. What is the units digit of m?
2
Let a(k) = 5*k - 12. Let w be a(4). What is the tens digit of 7 - w - -1*46?
4
What is the tens digit of 2*(-2)/7 - (-26586)/49?
4
Suppose -2925 = 8*l - 13*l. What is the tens digit of l?
8
What is the tens digit of (0 - -1) + 4 - (-8 - 2)?
1
Let a(b) = -b**3 + 7*b**2 + 6*b - 7. Let h be a(8). What is the tens digit of 2*20 - (-92)/h?
3
Suppose -2*k - 2533 = -3*a - k, -5*k - 2525 = -3*a. What is the units digit of a?
5
Suppose 2*c - 8 = -4. Suppose 2*j - 3*j = c*f + 12, j = -3*f - 16. What is the units digit of (-365)/(-25) - f/10?
5
Suppose 4*b = 3*s - 25, 2*b = -5*s + 2*s - 35. Let x be 264/(-30)*b/4. Let i = x + -8. What is the tens digit of i?
1
Suppose -6*q - 980 = -2966. What is the hundreds digit of q?
3
Let w be (1 + 0)*(-21 + 21). Let b(c) be the second derivative of c**3/3 + 3*c**2/2 - c. What is the units digit of b(w)?
3
Let v(z) = z**3 + z**2 + z + 2. Let h be v(0). Let d be (-1 + 0 + h)*-1. What is the tens digit of d/4*-6*10?
1
Suppose 1 - 13 = 3*c, -4*z = -c - 3388. What is the hundreds digit of z?
8
Let i = -657 + 1397. What is the tens digit of i?
4
Let v(w) = 12*w - 1. Let o(h) = h**2 - 2*h. Let m be o(1). Let l(z) = -z. Let j(p) = m*l(p) + v(p). What is the tens digit of j(1)?
1
Let b(d) be the second derivative of d**4/3 - 7*d**3/6 - d**2 - 19*d. What is the tens digit of b(-4)?
9
Let k be 0/((-20)/(-5) + -2). Suppose -5*j + 233 + 17 = k. What is the tens digit of j?
5
Suppose 5*h - 66 = 34. Suppose -2*u + 19 = 2*u + 3*f, -5*u - 3*f + h = 0. What is the tens digit of -3*(-1 + -17)/u?
5
Let x(g) = 4*g**2 - 3*g + 2. Let q(p) = 1 - 2*p**3 - 3*p + 4*p - p. Let c be q(-1). What is the tens digit of x(c)?
2
Suppose -56*v + 61*v = 25. Suppose 0 = -3*f - v*b + 725, f - 4*b + b - 265 = 0. What is the hundreds digit of f?
2
Suppose y - 3*c = -16 + 126, -396 = -4*y + c. Suppose -2*v + a = -210, -2*a = v + a - y. What is the units digit of v?
4
Suppose -4*b = -2*b - 10. Suppose 0 = -b*v + 101 + 279. Suppose 0 = 3*o - v - 53. What is the tens digit of o?
4
Suppose 5*u + 2*o - 28 = 0, 3*u - 6*o - 20 = -4*o. Suppose -3*d + 13 + 40 = 5*m, 2*d = -4*m + 34. Let p = d + u. What is the units digit of p?
7
Suppose 2*c + 0*c - 4 = 0. Let w(m) = 3*m**c - m**2 + m**2 + 2 - 5. What is the units digit of w(3)?
4
Let u = -3 - -3. Suppose 4*s - 1407 + 335 = u. Suppose -4*f - s = -8*f. What is the units digit of f?
7
Let x = 25 + -19. Let a = 29 - 25. Let h = x - a. What is the units digit of h?
2
Let s = -14 - -24. Suppose 2 = o - s. What is the units digit of o?
2
What is the units digit of (106 - 109) + 348/1?
5
Suppose -4*h + 6501 = -3*w, 2*h - 5*w + 1036 - 4297 = 0. What is the units digit of h?
3
Let u(p) = -4*p + 14. What is the tens digit of u(0)?
1
Suppose 59 + 5 = 4*i. What is the units digit of 4/i - 19/(-4)?
5
Suppose -25 = -2*k - 9. Let z be (-52)/(-12) - (-2)/(-6). What is the units digit of z*-1*(-22)/k?
1
Suppose -2*l + 7 = -5*t, -t - 2*t + 27 = 4*l. Let h(u) = u**3 - u**2 + 5*u - 2. Let q be h(l). What is the tens digit of 3 - q/(-12)*3?
5
Let t(a) be the first derivative of -a**7/30 + a**6/360 - a**4/24 + a**3/3 + 2. Let p(l) be the third derivative of t(l). What is the units digit of p(-1)?
8
Suppose -2*p = 4*o - 16 - 10, -23 = -2*o - 3*p. Suppose 0 = -o*j - 103 - 41. What is the units digit of j/((-3)/1) - 0?
2
Suppose 2*p - f + 12 = 31, p = 5*f - 4. Suppose l + 0*l = p. Let z = -4 + l. What is the units digit of z?
7
Let s be (-2)/5 - 144/(-60). Suppose -39 + 115 = s*j. What is the tens digit of j?
3
Let r = -146 - -142. What is the tens digit of (-18)/(-2 + r) + 300?
0
Let m(b) = -2*b**3 - 4*b**2 + 27*b + 3. What is the units digit of m(-8)?
5
Suppose 12*y + 36 - 3396 = 0. Suppose -3*m + 197 = -y. What is the units digit of m?
9
What is the hundreds digit of (62/(-4) + -1)*(-27448)/141?
2
Suppose 0 = -5*y - 5. What is the tens digit of (93 + y*1)/(6/12)?
8
Suppose -h + 0*h - 5 = 0, 2*f - 5 = 5*h. What is the units digit of ((-272)/(-20))/((-4)/f)?
4
Let m(v) = -v**3 - 2*v**2 - 5*v + 11. What is the tens digit of m(-8)?
3
Let d be (2/3)/(4/1194). Suppose 4*v + d = 55. Let p = v + 61. What is the units digit of p?
5
Let d be ((-3)/9)/((-2)/(-18)). Let v(s) = -2*s**3 + 2*s**2 - 6*s - 5. Let t be v(d). Suppose 0 = -k + n - 31 + 71, 3*n + t = 2*k. What is the tens digit of k?
3
Let n(a) be the third derivative of -a**6/120 + 2*a**5/15 + a**4/24 - 3*a**3/2 + 5*a**2. Let y = -108 + 115. What is the units digit of n(y)?
7
What is the units digit of (-7 + 0 + 4)*-3?
9
Suppose 0 = -8*g + 17278 + 2114. What is the tens digit of g?
2
Let g(n) = -n + 22. What is the tens digit of g(-5)?
2
Let z(w) = w - 4. Let j be z(6). Suppose 2*i - 12 - 14 = j*m, 5*m - 1 = -i. What is the tens digit of (i - 3)*(-22)/(-4)?
4
Let o be (54/45)/(1/5 - 0). Suppose o*z + 28 = 8*z. What is the tens digit of z?
1
Suppose -4*z + 5*j - 555 = 0, 0*j - 278 = 2*z - 2*j. Let k = -82 - z. What is the tens digit of k?
5
Let q = -2 + 6. Let r(g) = g**3 - 2*g**2 - 12. What is the tens digit of r(q)?
2
Suppose -10*f = -28*f + 5436. What is the tens digit of f?
0
Let n be (-1 + 1)/(1 + 0). Suppose -4*v + 3*v + 4 = n. Suppose 4*h + 2*p = 3*p + 79, 0 = -3*h - v*p + 83. What is the tens digit of h?
2
Suppose 7*v = 2*v. Suppose -2*r - r = v. What is the units digit of (-3 - r)*49/(-3)?
9
Suppose -8 = -11*g + 7*g. Let l = -6 + 8. What is the tens digit of (-8)/(g + l) + 19?
1
Let u(k) be the first derivative of -k**3/3 - 7*k**2/2 - 3*k + 3. Let a = -164 + 158. What is the units digit of u(a)?
3
Let w(m) = 23*m + 61. What is the units digit of w(8)?
5
Suppose -442 = -7*d + 8511. What is the thousands digit of d?
1
Let y = 249 + -237. What is the tens digit of y?
1
Suppose 2*y + 0*y - 396 = -2*g, 5*g + y - 982 = 0. Suppose g = 5*z - 49. What is the tens digit of z?
4
Let v(a) = a**2 + 12*a + 4. Suppose -2*q + 5*i = 38, -4*q + 3*i - 54 = 4*i. What is the units digit of v(q)?
2
Suppose -2*y + 6 + 15 = -t, 5*y - 20 = 0. Suppose i - 108 - 23 = -4*h, -5*h + 164 = i. Let v = h + t. What is the units digit of v?
0
Let v be (-9375)/(-20) - (-6)/(-8). Suppose 2*b = 5*a - v, -440 = -a - 4*a - 5*b. What is the tens digit of a?
9
Let h = -19 + 23. Suppose 3*v + 110 = x, h = -3*v - 2. What is the tens digit of x?
0
Suppose -h - 9 = 10. Suppose -2*k + 34 = -d, 24*d - 29*d - 10 = 0. Let r = k - h. What is the units digit of r?
5
Let g be 659/(-5) + (6/15)/(-2). Let n = g - -191. What is the units digit of n?
9
Let b(z) be the third derivative of z**4/8 - 2*z**3 + z**2. Let l be -3 + 23 + -1 - (-2 + 5). What is the units digit of b(l)?
6
Let h be 24/(-32) - (3 - 62/8). Suppose -h*o - f + 621 = -o, 0 = -4*f. What is the hundreds digit of o?
2
Let s(u) = 70*u - 164. What is the hundreds digit of s(40)?
6
Let q be -1 - -1*(-3 + 4). Let n(v) = v + 2. Let u be n(q). What is the units digit of 1 - u - (-21 + 4)?
6
Suppose